{"id":19,"date":"2020-07-26T17:12:47","date_gmt":"2020-07-26T15:12:47","guid":{"rendered":"http:\/\/lecler.eu\/wordpress\/?page_id=19"},"modified":"2020-10-14T16:42:57","modified_gmt":"2020-10-14T14:42:57","slug":"reseau","status":"publish","type":"page","link":"https:\/\/cytinat.com\/index.php\/reseau\/","title":{"rendered":"R\u00e9seau \/ Internet"},"content":{"rendered":"\n<h4><strong>Vous avez besoin d&rsquo;aide pour choisir un op\u00e9rateur<\/strong> ?<\/h4>\n\n\n\n<p>Vous vous demandez quelle serait la meilleure connexion pour chez vous ?<\/p>\n\n\n\n<p>Quel fournisseur ? <strong>Orange <\/strong>\/ <strong>SFR <\/strong>\/ <strong>FREE<\/strong> \/ <strong>Bouygues <\/strong>\/ <strong>NRJ<\/strong> \/ &#8230;<\/p>\n\n\n\n<p>Quel type de connexion ? <strong>ADSL<\/strong>, <strong>VDSL<\/strong>,<strong> Fibre Optique<\/strong>, <strong>4G<\/strong><\/p>\n\n\n\n<p>Tout \u00e7a vous semble compliqu\u00e9, je suis l\u00e0 pour vous aider et vous conseiller dans le meilleur choix possible pour votre lieu d\u2019habitation<\/p>\n\n\n\n<h4><strong>Vous avez besoin d&rsquo;aide pour Installer votre nouvelle Box<\/strong> ?<\/h4>\n\n\n\n<p>Je vous installe votre Box Compl\u00e8tement, en cas de probl\u00e8me d\u2019internet j\u2019appelle l\u2019op\u00e9rateur avec vous pour trouver la meilleure solution.<\/p>\n\n\n\n<h4><strong>Vous avez besoin d\u2019\u00e9tendre votre r\u00e9seau Wifi ou C\u00e2ble<\/strong><\/h4>\n\n\n\n<p>Je  fais une \u00e9tude de votre habitation pour mettre en place la meilleure solution afin que tous vos p\u00e9riph\u00e9riques puissent acc\u00e9der de la meilleure fa\u00e7on possible \u00e0 internet.<\/p>\n\n\n\n<p><\/p>\n\n\n\n<p class=\"has-text-align-center\"><a href=\"https:\/\/cytinat.com\/index.php\/tarifs-des-prestations-particulier\/\" data-type=\"URL\" data-id=\"https:\/\/cytinat.com\/index.php\/tarifs-des-prestations-particulier\/\"><img loading=\"lazy\" width=\"550\" height=\"275\" class=\"wp-image-207\" style=\"width: 400px;\" src=\"https:\/\/cytinat.com\/wp-content\/uploads\/2020\/08\/notarifetforfait.png\" alt=\"\" srcset=\"https:\/\/cytinat.com\/wp-content\/uploads\/2020\/08\/notarifetforfait.png 550w, https:\/\/cytinat.com\/wp-content\/uploads\/2020\/08\/notarifetforfait-300x150.png 300w\" sizes=\"(max-width: 550px) 100vw, 550px\" \/><\/a><\/p>\n","protected":false},"excerpt":{"rendered":"<p>Vous avez besoin d&rsquo;aide pour choisir un op\u00e9rateur ? Vous vous demandez quelle serait la meilleure connexion pour chez vous ? Quel fournisseur ? Orange \/ SFR \/ FREE \/ Bouygues \/ NRJ \/ &#8230; Quel type de connexion ? ADSL, VDSL, Fibre Optique, 4G Tout \u00e7a vous semble compliqu\u00e9, je suis l\u00e0 pour vous aider et vous conseiller dans le meilleur choix possible pour votre lieu d\u2019habitation Vous avez besoin d&rsquo;aide pour Installer votre nouvelle Box ? Je vous installe votre Box Compl\u00e8tement, en cas de probl\u00e8me d\u2019internet j\u2019appelle l\u2019op\u00e9rateur avec vous pour trouver la meilleure solution. Vous avez besoin d\u2019\u00e9tendre votre r\u00e9seau Wifi ou C\u00e2ble Je fais une&hellip; <a class=\"read-more\" href=\"https:\/\/cytinat.com\/index.php\/reseau\/\">Montrer plus<\/a><\/p>\n","protected":false},"author":1,"featured_media":0,"parent":0,"menu_order":0,"comment_status":"closed","ping_status":"closed","template":"","meta":{"_monsterinsights_skip_tracking":false,"_monsterinsights_sitenote_active":false,"_monsterinsights_sitenote_note":"","_monsterinsights_sitenote_category":0,"spay_email":""},"_links":{"self":[{"href":"https:\/\/cytinat.com\/index.php\/wp-json\/wp\/v2\/pages\/19"}],"collection":[{"href":"https:\/\/cytinat.com\/index.php\/wp-json\/wp\/v2\/pages"}],"about":[{"href":"https:\/\/cytinat.com\/index.php\/wp-json\/wp\/v2\/types\/page"}],"author":[{"embeddable":true,"href":"https:\/\/cytinat.com\/index.php\/wp-json\/wp\/v2\/users\/1"}],"replies":[{"embeddable":true,"href":"https:\/\/cytinat.com\/index.php\/wp-json\/wp\/v2\/comments?post=19"}],"version-history":[{"count":7,"href":"https:\/\/cytinat.com\/index.php\/wp-json\/wp\/v2\/pages\/19\/revisions"}],"predecessor-version":[{"id":279,"href":"https:\/\/cytinat.com\/index.php\/wp-json\/wp\/v2\/pages\/19\/revisions\/279"}],"wp:attachment":[{"href":"https:\/\/cytinat.com\/index.php\/wp-json\/wp\/v2\/media?parent=19"}],"curies":[{"name":"wp","href":"https:\/\/api.w.org\/{rel}","templated":true}]}}