{"id":40,"date":"2020-07-26T17:43:43","date_gmt":"2020-07-26T15:43:43","guid":{"rendered":"http:\/\/lecler.eu\/wordpress\/?page_id=40"},"modified":"2020-10-29T15:36:19","modified_gmt":"2020-10-29T14:36:19","slug":"accueil","status":"publish","type":"page","link":"https:\/\/cytinat.com\/","title":{"rendered":"Pr\u00e9sentation"},"content":{"rendered":"\n<p><strong>MA MISSION, VOTRE SATISFACTION\u2026<\/strong><\/p>\n\n\n\n<h2>ASSISTANCE ET D\u00c9PANNAGE INFORMATIQUE A DOMICILE<\/h2>\n\n\n\n<p>Je vous propose un&nbsp;ensemble de&nbsp;<strong>prestations<\/strong>&nbsp;dans le domaine de<strong> l&rsquo;Informatique et de la Domotique:<\/strong><\/p>\n\n\n\n<style type=\"text\/css\">\n#ville {\n\tfont-size: 11px;\n}\n<\/style>\n\n\n\n<ul><li>A domicile dans une distance de 15 km autour de la commune de Scionzier frais de d\u00e9placements <strong>Gratuits<\/strong>* ;<br> <span id=\"ville\">* Villes D&rsquo;intervention Gratuites : Scionzier, Le Reposoir, Mont-Saxonnex, Cluses, Marignier, Thyez, Vougy, Magland, Marnaz, Nancy-sur-Cluses, Ayse, Bonneville, Thuet, Taninges<\/span><\/li><li>A domicile jusque 25 km autour de la commune de Scionzier<em> (en dehors des villes mentionn\u00e9es ci dessus)<\/em> les frais de d\u00e9placements <strong>sont de 20\u20ac <\/strong>;<\/li><li>Au del\u00e0 de 25 km  avec frais de d\u00e9placement <strong>0,6\u20ac\/km*2 (Aller\/Retour)<\/strong><\/li><li>Certaines prestations peuvent \u00eatre r\u00e9alis\u00e9es \u00e0 distance dans toute la France <strong>sans frais de d\u00e9placement<\/strong>.<br><\/li><\/ul>\n\n\n\n<p><strong>Ces prestations r\u00e9pondront \u00e0 l\u2019ensemble des besoins des technologies actuelles et nouvelles &#8211; des incidents &#8211; de l&rsquo;assistance, li\u00e9s \u00e0 votre \u00e9quipement informatique, de vos sauvegardes, de vos serveurs.<\/strong><\/p>\n\n\n\n<figure class=\"wp-block-table is-style-stripes\"><table><tbody><tr><td><ul>\n    <li>Que ce soit sur de <strong>l\u2019installation <\/strong>de p\u00e9riph\u00e9rique (imprimante, webcam, scanner\u2026)<\/li>\n    <li>au param\u00e9trage <strong>d\u2019\u00e9quipements <\/strong>(box, wifi, r\u00e9seaux, objets connect\u00e9s\u2026) <\/li>\n    <li>en passant par la r\u00e9solution <strong>d\u2019incident <\/strong>informatique divers (virus, bug, Pc Lent\u2026)<\/li>\n    <li>\u00e0 la <strong>maintenance <\/strong>ou <strong>l&rsquo;installation<\/strong> de votre ordinateur personalis\u00e9<\/li>\n    <li> je vous assure un ensemble de&nbsp;<strong>prestations compl\u00e8tes et efficaces.<\/strong><\/li>\n  <\/ul><\/td><td><\/td><td><figure class=\"wp-block-image size-large\"><a href=\"https:\/\/cytinat.com\/index.php\/tarifs-des-prestations-particulier\/\" data-type=\"URL\" data-id=\"https:\/\/cytinat.com\/index.php\/tarifs-des-prestations-particulier\/\"><img loading=\"lazy\" width=\"550\" height=\"275\" class=\"wp-image-207\" style=\"width: 250px;\" src=\"https:\/\/cytinat.com\/wp-content\/uploads\/2020\/08\/notarifetforfait.png\" alt=\"\" srcset=\"https:\/\/cytinat.com\/wp-content\/uploads\/2020\/08\/notarifetforfait.png 550w, https:\/\/cytinat.com\/wp-content\/uploads\/2020\/08\/notarifetforfait-300x150.png 300w\" sizes=\"(max-width: 550px) 100vw, 550px\" \/><\/a><\/figure><\/td><\/tr><\/tbody><\/table><\/figure>\n\n\n\n<p><strong><br>PROFIL<\/strong><\/p>\n\n\n\n<h2>QUI SUIS JE ?<\/h2>\n\n\n\n<figure class=\"wp-block-table is-style-stripes\"><table><tbody><tr><td><p>Je suis un entrepreneur individuel passionn\u00e9 de nouvelles technologies et d\u2019informatique, avec plus de 10 ans d\u2019exp\u00e9riences dans diff\u00e9rentes structures ou j&rsquo;ai pu travailler : dans diff\u00e9rents domaines tels que : Mairies, H\u00f4pital, PME, Particuliers, Station de Ski.<br><strong><em>Parce que l\u2019informatique est devenue indispensable, ne laissez pas les machines vous envahir et vous prendre la t\u00eate.<\/em><\/strong><\/p><\/td><td><\/td><td><figure class=\"wp-block-image size-large\"><img loading=\"lazy\" width=\"300\" height=\"203\" src=\"https:\/\/cytinat.com\/wp-content\/uploads\/2020\/07\/service-informatique-1.png\" alt=\"\" class=\"wp-image-54\"><\/figure><\/td><\/tr><\/tbody><\/table><\/figure>\n\n\n\n<div class=\"wp-container-1 wp-block-group\"><div class=\"wp-block-group__inner-container\">\n<p><\/p>\n\n\n\n<h2 class=\"has-text-align-center\"><strong>Mes Objectifs<\/strong><\/h2>\n<\/div><\/div>\n\n\n\n<div class=\"wp-container-5 wp-block-columns\">\n<div class=\"wp-container-2 wp-block-column\">\n<h3 class=\"has-text-align-center\">La satisfaction client<\/h3>\n\n\n\n<p class=\"has-text-align-center\">Un souci sur un PC, un logiciel ou autre chose ?<br>Je suis l\u00e0 pour r\u00e9pondre \u00e0 vos besoins de d\u00e9pannage informatique \u00e0 domicile ou en entreprise et r\u00e9gler ces d\u00e9sagr\u00e9ments qui peuvent vous g\u00e2cher une journ\u00e9e.<\/p>\n<\/div>\n\n\n\n<div class=\"wp-container-3 wp-block-column\">\n<h3 class=\"has-text-align-center\">L&rsquo;Intervention<\/h3>\n\n\n\n<p class=\"has-text-align-center\">J\u2019agis au plus t\u00f4t, le jour m\u00eame si je le peux.<br>J\u2019interviens \u00e9galement \u00e0 distance&nbsp;sur votre ordinateur et toujours sous votre surveillance (s\u00e9curit\u00e9 assur\u00e9e) Via le Logiciel de prise en main AnyDesk.<\/p>\n<\/div>\n\n\n\n<div class=\"wp-container-4 wp-block-column\">\n<h3 class=\"has-text-align-center\">L\u2019accompagnement<\/h3>\n\n\n\n<p class=\"has-text-align-center\">Pour l\u2019accompagnement, mais aussi en d\u00e9pannage, je vous transmets bien volontiers quelques astuces du m\u00e9tier que vous pourrez mettre \u00e0 profit.<br>Apprenez \u00e0 ma\u00eetriser vous-m\u00eame votre Ordinateur, tablette, ou t\u00e9l\u00e9phone portable, car il sont devenus des outils indispensables.<\/p>\n<\/div>\n<\/div>\n\n\n\n<p><\/p>\n","protected":false},"excerpt":{"rendered":"<p>MA MISSION, VOTRE SATISFACTION\u2026 ASSISTANCE ET D\u00c9PANNAGE INFORMATIQUE A DOMICILE Je vous propose un&nbsp;ensemble de&nbsp;prestations&nbsp;dans le domaine de l&rsquo;Informatique et de la Domotique: A domicile dans une distance de 15 km autour de la commune de Scionzier frais de d\u00e9placements Gratuits* ; * Villes D&rsquo;intervention Gratuites : Scionzier, Le Reposoir, Mont-Saxonnex, Cluses, Marignier, Thyez, Vougy, Magland, Marnaz, Nancy-sur-Cluses, Ayse, Bonneville, Thuet, Taninges A domicile jusque 25 km autour de la commune de Scionzier (en dehors des villes mentionn\u00e9es ci dessus) les frais de d\u00e9placements sont de 20\u20ac ; Au del\u00e0 de 25 km avec frais de d\u00e9placement 0,6\u20ac\/km*2 (Aller\/Retour) Certaines prestations peuvent \u00eatre r\u00e9alis\u00e9es \u00e0 distance dans toute la France&hellip; <a class=\"read-more\" href=\"https:\/\/cytinat.com\/\">Montrer plus<\/a><\/p>\n","protected":false},"author":1,"featured_media":0,"parent":0,"menu_order":0,"comment_status":"closed","ping_status":"closed","template":"","meta":{"_monsterinsights_skip_tracking":false,"_monsterinsights_sitenote_active":false,"_monsterinsights_sitenote_note":"","_monsterinsights_sitenote_category":0,"spay_email":""},"_links":{"self":[{"href":"https:\/\/cytinat.com\/index.php\/wp-json\/wp\/v2\/pages\/40"}],"collection":[{"href":"https:\/\/cytinat.com\/index.php\/wp-json\/wp\/v2\/pages"}],"about":[{"href":"https:\/\/cytinat.com\/index.php\/wp-json\/wp\/v2\/types\/page"}],"author":[{"embeddable":true,"href":"https:\/\/cytinat.com\/index.php\/wp-json\/wp\/v2\/users\/1"}],"replies":[{"embeddable":true,"href":"https:\/\/cytinat.com\/index.php\/wp-json\/wp\/v2\/comments?post=40"}],"version-history":[{"count":44,"href":"https:\/\/cytinat.com\/index.php\/wp-json\/wp\/v2\/pages\/40\/revisions"}],"predecessor-version":[{"id":332,"href":"https:\/\/cytinat.com\/index.php\/wp-json\/wp\/v2\/pages\/40\/revisions\/332"}],"wp:attachment":[{"href":"https:\/\/cytinat.com\/index.php\/wp-json\/wp\/v2\/media?parent=40"}],"curies":[{"name":"wp","href":"https:\/\/api.w.org\/{rel}","templated":true}]}}